{"id":2,"date":"2023-04-05T10:46:00","date_gmt":"2023-04-05T08:46:00","guid":{"rendered":"https:\/\/ticketkauf.ch\/?page_id=2"},"modified":"2024-12-02T07:32:21","modified_gmt":"2024-12-02T06:32:21","slug":"datenschutz","status":"publish","type":"page","link":"https:\/\/ticketkauf.ch\/kulturweg\/datenschutz\/","title":{"rendered":"Datenschutzerkl\u00e4rung"},"content":{"rendered":"<p><\/p><p><strong>Verantwortlicher Veranstalter:<\/strong><br>Der Kulturweg<br>Ingrid Heynen<br>3938 Ausserberg<br>Mobile 079 754 15 06<br><a href=\"mailto:&#107;&#117;&#108;&#116;&#117;&#114;&#119;&#101;&#103;&#64;&#116;&#105;&#99;&#107;&#101;&#116;&#107;&#97;&#117;&#102;&#46;&#99;&#104;\">&#107;&#117;&#108;&#116;&#117;&#114;&#119;&#101;&#103;&#64;&#116;&#105;&#99;&#107;&#101;&#116;&#107;&#97;&#117;&#102;&#46;&#99;&#104;<\/a><br><br>Website:<br>mohnrot Webdesign und Grafik<br>Kantonsstrasse 13, 3930 Visp<br>Mobile 077 433 27 00<br>www.mohnrot.ch<br><br><br><strong>Fotos im \u00f6ffentlichen Raum<\/strong><br>Sind Personen nur &#8220;Beiwerk&#8221; (z.B. Passanten bei einer Sehensw\u00fcrdigkeit), gen\u00fcgt es, das Bild auf Verlangen zu l\u00f6schen oder auf die Ver\u00f6ffentlichung zu verzichten. Eine zus\u00e4tzliche Ansprache oder Information der abgebildeten Personen ist nicht erforderlich. (Quelle: <a href=\"http:\/\/www.edoeb.admin.ch\/\">www.edoeb.admin.ch<\/a>)<\/p><p><strong>Erhebung und Speicherung personenbezogener Daten sowie Art und Zweck und deren Verwendung<\/strong><\/p><p><strong>Beim Besuch der Website<\/strong><\/p><p>Beim Aufrufen unserer Website ticketkauf.ch\/kulturweg werden durch den auf Ihrem Endger\u00e4t zum Einsatz kommenden Browser automatisch Informationen an den Server unserer Website gesendet. Diese Informationen werden tempor\u00e4r in einem sog. Logfile gespeichert. Folgende Informationen werden dabei ohne Ihr Zutun erhoben und gespeichert und nach 30 Tagen automatisch anonymisiert:<\/p><ul class=\"wp-block-list\"><li>IP-Adresse des anfragenden Rechners,<\/li>\n\n<li>Datum und Uhrzeit des Zugriffs,<\/li>\n\n<li>Name und URL der abgerufenen Datei,<\/li>\n\n<li>Website, von der aus der Zugriff erfolgt (Referrer-URL),<\/li>\n\n<li>Browsertyp und \u2013version sowie weitere durch den Browser \u00fcbermittelte Informationen (wie das Betriebssystem Ihres PCs, der Name Ihres Providers, Spracheinstellung etc.).<\/li><\/ul><p>Die genannten Daten werden durch uns zu folgenden Zwecke verarbeitet:<\/p><ul class=\"wp-block-list\"><li>Gew\u00e4hrleistung eines reibungslosen Verbindungsaufbaus der Website,<\/li>\n\n<li>Gew\u00e4hrleistung einer komfortablen Nutzung unserer Website,<\/li>\n\n<li>Auswertung der Systemsicherheit und -stabilit\u00e4t,<\/li>\n\n<li>kontinuierliche Verbesserung der Website sowie<\/li>\n\n<li>zu weiteren statistischen und administrativen Zwecken.<\/li><\/ul><p>Die Rechtsgrundlage f\u00fcr die Datenverarbeitung ist Art. 6 Abs. 1 S. 1 lit. f DSGVO. Unser berechtigtes Interesse folgt aus oben aufgelisteten Zwecken.<\/p><p>Grunds\u00e4tzlich verwenden wir die erhobenen Daten nicht, um R\u00fcckschl\u00fcsse auf Ihre Person zu ziehen. Im Falle eines Angriffs auf unsere Netzinfrastruktur wird jedoch zur Geltendmachung oder Abwehr von Rechtsanspr\u00fcchen Ihre erhobene IP-Adresse ausgewertet.<\/p><p>Dar\u00fcber hinaus setzen wir beim Besuch unserer Website Cookies sowie Analysedienste ein. <\/p><p><strong>Webhosting<\/strong><\/p><p>F\u00fcr das Webhosting ist die Firma Metanet verantwortlich.<\/p><p>F\u00fcr das Angebot einer Website ist die Beauftragung eines Webhosting-Dienstes erforderlich. Die Inanspruchnahme von Metanet rfolgt gem\u00e4\u00df Art. 6 Abs. 1 S. 1 lit. f DSGVO aufgrund unseres berechtigten wirtschaftlichen Interesses, unser Angebot auf dieser Website bereitzuhalten. Im Zusammenhang mit dem Hosting werden von metanet in unserem Auftrag personenbezogene Daten verarbeitet, die bei der Nutzung der Website anfallen.<\/p><p><strong>Kauf eines Tickets<\/strong><\/p><p>Wenn Sie \u00fcber unsere Webseite ein Ticket kaufen, sind folgende weitere Informationen anzugeben:<\/p><ul class=\"wp-block-list\"><li>Vorname, Name, Firmenname<\/li>\n\n<li>Telefon<\/li>\n\n<li>Ticket Auswahl<\/li>\n\n<li>Zahlungsart (Kreditkarte)<\/li>\n\n<li>IP-Adresse des anfragenden PCs<\/li>\n\n<li>Datum und Uhrzeit der Bestellung<\/li><\/ul><p>Die Erhebung dieser Daten erfolgt<\/p><ul class=\"wp-block-list\"><li>um Sie als K\u00e4ufer des Tickets identifizieren zu k\u00f6nnen;<\/li>\n\n<li>zur \u00dcberpr\u00fcfung der eingegebenen Daten auf Plausibilit\u00e4t;<\/li>\n\n<li>zur Unterst\u00fctzung der Zahlungsabwicklung Ihres Kaufs;<\/li>\n\n<li>zur Kontaktaufnahme durch uns oder durch den Veranstalter im Falle von \u00c4nderungen oder Informationen zur gebuchten Veranstaltung, bzw. Absagen von Veranstaltungen<\/li>\n\n<li>zur Abwicklung von evtl. vorliegenden Gew\u00e4hrleistungsanspr\u00fcchen sowie der Geltendmachung etwaiger Anspr\u00fcche gegen Sie.<\/li><\/ul><p>Die Datenverarbeitung erfolgt auf Ihre Anfrage hin und ist nach Art. 6 Abs. 1 S. 1 lit. b DSGVO zu den genannten Zwecken f\u00fcr die Erf\u00fcllung des Vertrags und vorvertraglicher Ma\u00dfnahmen erforderlich.<\/p><p>Die f\u00fcr den Kauf eines Tickets von uns erhobenen personenbezogenen Daten werden bis zum Ablauf der gesetzlichen Gew\u00e4hrleistungspflicht gespeichert und danach automatisch gel\u00f6scht, es sei denn, dass wir nach Artikel 6 Abs. 1 S. 1 lit. c DSGVO aufgrund von steuer- und handelsrechtlichen Aufbewahrungs- und Dokumentationspflichten (aus HGB, StGB oder AO) zu einer l\u00e4ngeren Speicherung verpflichtet sind oder Sie in eine dar\u00fcber hinausgehende Speicherung nach Art. 6 Abs. 1 S. 1 lit. a DSGVO eingewilligt haben.<\/p><p>&nbsp;3. Weitergabe von Daten an Dritte<\/p><p>Eine \u00dcbermittlung Ihrer pers\u00f6nlichen Daten an Dritte zu anderen als den im Folgenden aufgef\u00fchrten Zwecken findet nicht statt.<\/p><p><strong>Zur Vertragsabwicklung<\/strong><\/p><p>Soweit dies gesetzlich zul\u00e4ssig und nach Art. 6 Abs. 1 S. 1 lit. b DSGVO f\u00fcr die Abwicklung von Vertragsverh\u00e4ltnissen mit Ihnen erforderlich ist, werden Ihre personenbezogenen Daten an Dritte weitergegeben. Hierzu geh\u00f6rt insbesondere die Ver\u00f6ffentlichung von Verk\u00e4uferinformationen auf der Plattform und die Weitergabe von pers\u00f6nlichen Daten an die potenziellen Ticketk\u00e4ufer, die Weitergabe von Zahlungsdaten an Zahlungsdienstleister bzw. Kreditinstitute, um einen Zahlungsvorgang durchzuf\u00fchren sowie die Weitergabe Ihrer pers\u00f6nlichen Daten an Veranstalter im Falle eines Ticketkaufs. Die weitergegebenen Daten d\u00fcrfen von dem Dritten ausschlie\u00dflich zu den genannten Zwecken verwendet werden (siehe auch Kapitel \u201eEingebundene Dienste von Dritten\u201c&nbsp; wie Stripe).<\/p><p><strong>Zu weiteren Zwecken<\/strong><\/p><p>Dar\u00fcber hinaus geben wir Ihre pers\u00f6nlichen Daten nur an Dritte weiter, wenn:<\/p><ul class=\"wp-block-list\"><li>Sie Ihre nach Art. 6 Abs. 1 S. 1 lit. a DSGVO ausdr\u00fcckliche Einwilligung dazu erteilt haben,<\/li>\n\n<li>f\u00fcr den Fall, dass f\u00fcr die Weitergabe nach Art. 6 Abs. 1 S. 1 lit. c DSGVO eine gesetzliche Verpflichtung besteht, sowie<\/li>\n\n<li>die Weitergabe nach Art. 6 Abs. 1 S. 1 lit. f DSGVO zur Geltendmachung, Aus\u00fcbung oder Verteidigung von Rechtsanspr\u00fcchen erforderlich ist und kein Grund zur Annahme besteht, dass Sie ein \u00fcberwiegendes schutzw\u00fcrdiges Interesse an der Nichtweitergabe Ihrer Daten haben.<\/li><\/ul><p><strong>\u00dcbermittlung in Drittstaaten<\/strong><\/p><p>Ihre personenbezogenen Daten werden zudem an die mohnrot Grafik und Webdesign \u00fcbermittelt und in der Schweiz verarbeitet. Die Schweiz ist ein sogenannter Drittstaat im Sinne der DSGVO. F\u00fcr die Schweiz besteht ein Angemessenheitsbeschluss der EU-Kommission. In diesem Angemessenheitsbeschluss hat die EU-Kommission best\u00e4tigt, dass die Schweiz ein Datenschutzniveau bietet, welches mit dem in der EU vergleichbar ist.<\/p><p><strong>Cookies<\/strong><\/p><p>Wir setzen auf unserer Seite Cookies ein. Hierbei handelt es sich um kleine Dateien, die Ihr Browser automatisch erstellt und die auf Ihrem Endger\u00e4t (Laptop, Tablet, Smartphone o.\u00e4.) gespeichert werden, wenn Sie unsere Seite besuchen. Cookies richten auf Ihrem Endger\u00e4t keinen Schaden an, enthalten keine Viren, Trojaner oder sonstige Schadsoftware.<\/p><p>In dem Cookie werden Informationen abgelegt, die sich jeweils im Zusammenhang mit dem spezifisch eingesetzten Endger\u00e4t ergeben. Dies bedeutet jedoch nicht, dass wir dadurch unmittelbar Kenntnis von Ihrer Identit\u00e4t erhalten.<\/p><p>Der Einsatz von Cookies dient einerseits dazu, die Nutzung unseres Angebots f\u00fcr Sie angenehmer zu gestalten. So setzen wir sogenannte Session-Cookies ein, um zu erkennen, dass Sie einzelne Seiten unserer Website bereits besucht haben, Sie sich in Ihrem Benutzerkonto angemeldet haben oder zur Warenkorbdarstellung. Diese werden nach Verlassen unserer Seite automatisch gel\u00f6scht.<\/p><p>Dar\u00fcber hinaus setzen wir ebenfalls zur Optimierung der Benutzerfreundlichkeit tempor\u00e4re Cookies ein, die f\u00fcr einen bestimmten festgelegten Zeitraum auf Ihrem Endger\u00e4t gespeichert werden. Besuchen Sie unsere Seite erneut, um unsere Dienste in Anspruch zu nehmen, wird automatisch erkannt, dass Sie bereits bei uns waren und welche Eingaben und Einstellungen sie get\u00e4tigt haben, um diese nicht noch einmal eingeben zu m\u00fcssen.<\/p><p>Zum anderen setzten wir Cookies ein, um die Nutzung unserer Website statistisch zu erfassen und zum Zwecke der Optimierung unseres Angebots f\u00fcr Sie auszuwerten (siehe Ziffer 5). Diese Cookies erm\u00f6glichen es uns, bei einem erneuten Besuch unserer Seite automatisch zu erkennen, dass Sie bereits bei uns waren. Diese Cookies werden nach einer jeweils definierten Zeit automatisch gel\u00f6scht.<\/p><p>Die durch Cookies verarbeiteten Daten sind f\u00fcr die genannten Zwecke zur Wahrung unserer berechtigten Interessen sowie der Dritter nach Art. 6 Abs. 1 S. 1 lit. f DSGVO erforderlich.<\/p><p>Die meisten Browser akzeptieren Cookies automatisch. Sie k\u00f6nnen Ihren Browser jedoch so konfigurieren, dass keine Cookies auf Ihrem Computer gespeichert werden oder stets ein Hinweis erscheint, bevor ein neues Cookie angelegt wird.<\/p><p>Cookies, die nicht f\u00fcr die Bereitstellung der Website oder anderen Dienste, die sich gew\u00fcnscht haben, technisch erforderlich sind, setzen wir nur mit Ihrer vorherigen Einwilligung. Ihre Einwilligung k\u00f6nnen Sie \u00fcber den Cookie-Banner jederzeit f\u00fcr die Zukunft widerrufen.<\/p><p><strong>Zugriffsdaten<\/strong><br>F\u00fcr die statistische Auswertung von Webseiten-Zugriffen, sowie zur effizienten Fehlerbehebung wird jeder Aufruf unserer Webseite in einem Server Log (Protokoll) unseres Webhosting-Dienstleisters, der Metanet Schweiz, aufgezeichnet. Die Log-Eintr\u00e4ge enthalten die Zielseite, die IP-Adresse, sowie den&nbsp;Referrer (Herkunft der Anfrage)&nbsp;und Informationen zum eingesetzten Browser. Diese Informationen k\u00f6nnen&nbsp;m\u00f6glicherweise zur Identifizierung Ihrer Person verwendet werden. Wir behandeln diese Daten vertraulich und teilen diese nicht mit Dritten. Die Datenerhebung erfolgt in erster Linie zur Verbesserung der Nutzererfahrung, der Sicherheit und der Leistung der Webseite.<\/p><p><strong>Plugins und Tools:<\/strong><br>Web Fonts von Adobe Typekit<br>Diese Seite nutzt zur einheitlichen Darstellung von Schriftarten so genannte Web Fonts, die von Adobe Typekit bereitgestellt werden. Beim Aufruf einer Seite l\u00e4dt Ihr Browser die ben\u00f6tigten Web Fonts in ihren Browsercache, um Texte und Schriftarten korrekt anzuzeigen.<br>Zu diesem Zweck muss der von Ihnen verwendete Browser Verbindung zu den Servern von Adobe Typekit aufnehmen. Hierdurch erlangt Adobe Typekit Kenntnis dar\u00fcber, dass \u00fcber Ihre IP-Adresse unsere Website aufgerufen wurde. Die Nutzung von Adobe Typekit Web Fonts erfolgt im Interesse einer einheitlichen und ansprechenden Darstellung unserer Online-Angebote. Dies stellt ein berechtigtes Interesse im Sinne von Art. 6 Abs. 1 lit. f DSGVO dar.<br>Wenn Ihr Browser Web Fonts nicht unterst\u00fctzt, wird eine Standardschrift von Ihrem Computer genutzt.<br>Weitere Informationen zu Adobe Typekit Web Fonts finden Sie unter&nbsp;<a rel=\"noreferrer noopener\" href=\"https:\/\/typekit.com\/\" target=\"_blank\">https:\/\/typekit.com\/&nbsp;<\/a>und in der Datenschutzerkl\u00e4rung von Adobe Typekit:&nbsp;<a rel=\"noreferrer noopener\" href=\"https:\/\/www.adobe.com\/de\/privacy\/policies\/typekit.html\" target=\"_blank\">https:\/\/www.adobe.com\/de\/privacy\/policies\/typekit.html<\/a><\/p><p><strong>SSL-Verschl\u00fcsselung<\/strong><br>Diese Seite zur Sicherheit und zum Schutz der \u00dcbertragung vertraulicher Inhalte, wie zum Beispiel von Kontaktanfragen, die Sie an uns senden, eine SSL-Verschl\u00fcsselung. Wenn die SSL Verschl\u00fcsselung aktiviert ist, k\u00f6nnen die Daten, die Sie an uns \u00fcbermitteln, nicht von Dritten mitgelesen werden.<br><br><strong>Zahlungsabwicklung Online<\/strong><br>Wenn Sie auf unserer Website kostenpflichtig Leistungen oder Produkte erwerben, ist je nach gew\u00fcnschter Zahlungsart die Angabe weiterer Daten erforderlich, wie z.B. Ihre Kreditkarteninformationen oder das Login bei Ihrem Zahlungsdienstleister. Diese Informationen sowie der Umstand, dass Sie bei uns eine Leistung zum betreffenden Betrag und Zeitpunkt erworben haben, werden an die jeweiligen Zahlungsdienstleister (z.B. Anbieter von Zahlungsl\u00f6sungen, Kreditkarteherausgeber und Kreditkarten-Acquirer) weitergeleitet. Beachten Sie dabei stets auch die Informationen des jeweiligen Unternehmens, insbesondere die Datenschutzerkl\u00e4rung und die Allgemeinen Gesch\u00e4ftsbedingungen. Zur Vermeidung von Zahlungsf\u00e4llen kann ferner eine \u00dcbermittlung der erforderlichen Daten, insbesondere Ihrer Personalien, an eine Auskunftei zur automatisierten Einsch\u00e4tzung Ihrer Bonit\u00e4t erfolgen. In diesem Rahmen kann Ihnen die Auskunftei einen sogenannten Score-Wert zuordnen. Es handelt sich dabei um einen Sch\u00e4tz-wert \u00fcber das k\u00fcnftige Risiko eines Zahlungsausfalls, z.B. anhand einer Prozentangabe. Der Wert wird unter Anwendung von mathematisch-statistischen Verfahren und unter Einbezug von Daten der Auskunftei aus anderen Quellen erhoben. Wir behalten uns vor, entsprechend der erhaltenen Auskunft, Ihnen die Zahlungsart &#8220;Rechnung&#8221; nicht anzubieten.<\/p><p><strong>Eingebundene Dienste von Dritten<\/strong><\/p><p><strong>Stripe<\/strong><\/p><p>Im Rahmen der Erf\u00fcllung des Vertrages gegen\u00fcber den Veranstaltern gem\u00e4\u00df Art. 6 Abs. 1 lit. b DSGVO bedient sich Ticketkauf f\u00fcr die Zahlungsabwicklung und zum Zwecke der Geldw\u00e4schepr\u00e4vention des Zahlungsdienstleisters Stripe Payments Europe Ltd., 1 Grand Canal Street Lower, Grand Canal Dock, Dublin, Irland, an ticketkauf die im Rahmen der Vertragsbeziehung mitgeteilten Informationen<\/p><ul class=\"wp-block-list\"><li>Name<\/li>\n\n<li>Anschrift<\/li>\n\n<li>IBAN<\/li>\n\n<li>Kreditkarten- oder Debitkartennummer,<\/li>\n\n<li>Rechnungsbetrag, W\u00e4hrung und Transaktionsnummer<\/li>\n\n<li>F\u00fcr Veranstalter zus\u00e4tzlich die unter 2e) aufgef\u00fchrte Daten<\/li><\/ul><p>gem\u00e4\u00df Art. 6 Abs. 1 lit. b und f DSGVO weitergibt. Die Weitergabe Ihrer Daten erfolgt ausschlie\u00dflich zum Zwecke der Zahlungsabwicklung mit dem Payment-Dienstleister Stripe Payments Europe Ltd. und nur insoweit, als sie hierf\u00fcr und zum Zwecke der Geldw\u00e4schepr\u00e4vention erforderlich ist. N\u00e4here Informationen zum Datenschutz von Stripe finden Sie unter&nbsp;<a href=\"https:\/\/stripe.com\/de\/privacy#translation\">https:\/\/stripe.com\/de\/privacy#translation<\/a>.<\/p><p>Die Datenverarbeitung erfolgt auf Ihre Anfrage hin und ist nach Art. 6 Abs. 1 S. 1 lit. b DSGVO zu den genannten Zwecken f\u00fcr die Erf\u00fcllung des Vertrages und vorvertraglicher Ma\u00dfnahmen erforderlich.<\/p><p>Die hierbei erhobenen personenbezogenen Daten werden f\u00fcr die Dauer des Vertrages gespeichert und danach automatisch gel\u00f6scht, es sei denn, dass ticketkauf nach Artikel 6 Abs. 1 S. 1 lit. c DSGVO aufgrund von steuer- und handelsrechtlichen Aufbewahrungs- und Dokumentationspflichten oder sonstiger gesetzlicher Vorgaben zu einer l\u00e4ngeren Speicherung verpflichtet ist oder Sie in eine dar\u00fcber hinausgehende Speicherung nach Art. 6 Abs. 1 S. 1 lit. a DSGVO eingewilligt haben.<\/p><p><strong>Betroffenenrechte<\/strong><\/p><p>Sie haben das Recht:<\/p><ul class=\"wp-block-list\"><li>gem\u00e4ss Art. 7 Abs. 3 DSGVO Ihre einmal erteilte Einwilligung jederzeit gegen\u00fcber uns zu widerrufen. Dies hat zur Folge, dass wir die Datenverarbeitung, die auf dieser Einwilligung beruhte, f\u00fcr die Zukunft nicht mehr fortf\u00fchren d\u00fcrfen;<\/li>\n\n<li>gem\u00e4ss Art. 15 DSGVO Auskunft \u00fcber Ihre von uns verarbeiteten personenbezogenen Daten zu verlangen. Insbesondere k\u00f6nnen Sie Auskunft \u00fcber die Verarbeitungszwecke, die Kategorie der personenbezogenen Daten, die Kategorien von Empf\u00e4ngern, gegen\u00fcber denen Ihre Daten offengelegt wurden oder werden, die geplante Speicherdauer, das Bestehen eines Rechts auf Berichtigung, L\u00f6schung, Einschr\u00e4nkung der Verarbeitung oder Widerspruch, das Bestehen eines Beschwerderechts, die Herkunft ihrer Daten, sofern diese nicht bei uns erhoben wurden, sowie \u00fcber das Bestehen einer automatisierten Entscheidungsfindung einschlie\u00dflich Profiling und ggf. aussagekr\u00e4ftigen Informationen zu deren Einzelheiten verlangen;<\/li>\n\n<li>gem\u00e4ss Art. 16 DSGVO unverz\u00fcglich die Berichtigung unrichtiger oder Vervollst\u00e4ndigung Ihrer bei uns gespeicherten personenbezogenen Daten zu verlangen;<\/li>\n\n<li>gem\u00e4ss Art. 17 DSGVO die L\u00f6schung Ihrer bei uns gespeicherten personenbezogenen Daten zu verlangen, soweit nicht die Verarbeitung zur Aus\u00fcbung des Rechts auf freie Meinungs\u00e4u\u00dferung und Information, zur Erf\u00fcllung einer rechtlichen Verpflichtung, aus Gr\u00fcnden des \u00f6ffentlichen Interesses oder zur Geltendmachung, Aus\u00fcbung oder Verteidigung von Rechtsanspr\u00fcchen erforderlich ist;<\/li>\n\n<li>gem\u00e4ss Art. 18 DSGVO die Einschr\u00e4nkung der Verarbeitung Ihrer personenbezogenen Daten zu verlangen, soweit die Richtigkeit der Daten von Ihnen bestritten wird, die Verarbeitung unrechtm\u00e4\u00dfig ist, Sie aber deren L\u00f6schung ablehnen und wir die Daten nicht mehr ben\u00f6tigen, Sie jedoch diese zur Geltendmachung, Aus\u00fcbung oder Verteidigung von Rechtsanspr\u00fcchen ben\u00f6tigen oder Sie gem\u00e4\u00df Art. 21 DSGVO Widerspruch gegen die Verarbeitung eingelegt haben;<\/li>\n\n<li>gem\u00e4ss Art. 20 DSGVO Ihre personenbezogenen Daten, die Sie uns bereitgestellt haben, in einem strukturierten, g\u00e4ngigen und maschinenlesbaren Format zu erhalten oder die \u00dcbermittlung an einen anderen Verantwortlichen zu verlangen und<\/li>\n\n<li>gem\u00e4ss Art. 77 DSGVO sich bei einer Aufsichtsbeh\u00f6rde zu beschweren. In der Regel k\u00f6nnen Sie sich hierf\u00fcr an die Aufsichtsbeh\u00f6rde ihres \u00fcblichen Aufenthaltsortes oder Arbeitsplatzes oder unseres Unternehmenssitzes wenden.<\/li><\/ul><p><strong>Widerspruchsrecht<\/strong><\/p><p>Sofern Ihre personenbezogenen Daten auf Grundlage von berechtigten Interessen gem\u00e4\u00df Art. 6 Abs. 1 S. 1 lit. f DSGVO verarbeitet werden, haben Sie das Recht, gem\u00e4\u00df Art. 21 DSGVO Widerspruch gegen die Verarbeitung Ihrer personenbezogenen Daten einzulegen, soweit daf\u00fcr Gr\u00fcnde vorliegen, die sich aus Ihrer besonderen Situation ergeben oder sich der Widerspruch gegen Direktwerbung richtet. Im letzteren Fall haben Sie ein generelles Widerspruchsrecht, das ohne Angabe einer besonderen Situation von uns umgesetzt wird.<\/p><p>M\u00f6chten Sie von Ihrem Widerspruchsrecht Gebrauch machen, k\u00f6nnen Sie Ihr Konto bei den Konto-Einstellungen entweder komplett l\u00f6schen oder einzelne Benachrichtigungen abbestellen.<\/p>","protected":false},"excerpt":{"rendered":"<p>Verantwortlicher Veranstalter:Der KulturwegIngrid Heynen3938 AusserbergMobile 079 754 15 06 Website:mohnrot Webdesign und GrafikKantonsstrasse 13, 3930 VispMobile 077 433 27 00www.mohnrot.ch Fotos im \u00f6ffentlichen RaumSind Personen nur &#8220;Beiwerk&#8221; (z.B. Passanten bei einer Sehensw\u00fcrdigkeit), gen\u00fcgt es, das Bild auf Verlangen zu l\u00f6schen oder auf die Ver\u00f6ffentlichung zu verzichten. Eine zus\u00e4tzliche Ansprache oder Information der abgebildeten Personen ist [&hellip;]<\/p>\n","protected":false},"author":1,"featured_media":0,"parent":0,"menu_order":0,"comment_status":"closed","ping_status":"open","template":"","meta":{"inline_featured_image":false,"footnotes":""},"class_list":["post-2","page","type-page","status-publish","hentry"],"_links":{"self":[{"href":"https:\/\/ticketkauf.ch\/kulturweg\/wp-json\/wp\/v2\/pages\/2","targetHints":{"allow":["GET"]}}],"collection":[{"href":"https:\/\/ticketkauf.ch\/kulturweg\/wp-json\/wp\/v2\/pages"}],"about":[{"href":"https:\/\/ticketkauf.ch\/kulturweg\/wp-json\/wp\/v2\/types\/page"}],"author":[{"embeddable":true,"href":"https:\/\/ticketkauf.ch\/kulturweg\/wp-json\/wp\/v2\/users\/1"}],"replies":[{"embeddable":true,"href":"https:\/\/ticketkauf.ch\/kulturweg\/wp-json\/wp\/v2\/comments?post=2"}],"version-history":[{"count":31,"href":"https:\/\/ticketkauf.ch\/kulturweg\/wp-json\/wp\/v2\/pages\/2\/revisions"}],"predecessor-version":[{"id":4027,"href":"https:\/\/ticketkauf.ch\/kulturweg\/wp-json\/wp\/v2\/pages\/2\/revisions\/4027"}],"wp:attachment":[{"href":"https:\/\/ticketkauf.ch\/kulturweg\/wp-json\/wp\/v2\/media?parent=2"}],"curies":[{"name":"wp","href":"https:\/\/api.w.org\/{rel}","templated":true}]}}